50 = -3*y. Let o = 250 - y. What is the highest common factor of 3 and o?
3
Let l(h) = 178*h**2 + 61*h + 4. Let x be l(-1). What is the greatest common factor of x and 18029?
121
Suppose 1022 - 154 = 14*u. Let q = -58 + u. Suppose 4*o + 46 = p + p, -q*o + 119 = 3*p. Calculate the greatest common factor of p and 363.
33
Let y(l) = -4*l**2 - 32*l - 20. Let a be y(-11). Suppose 2*m - 4*d - 576 = 0, -4*d + 24 = 8. Let j = a + m. What is the greatest common factor of j and 16?
16
Let g = 63 - 61. Suppose -2*m + 3*p + 6 = -0*m, 14 = g*m - p. Calculate the highest common divisor of 261 and m.
9
Let o(m) = 3*m**2 + 3*m - 5. Let f be o(-4). Let v = -2953 - -5132. Suppose 20*i - v = 921. Calculate the highest common divisor of f and i.
31
Let x be 5*(-1)/(-2)*32. Let i be 62/3 - (-156)/(-234). What is the highest common factor of x and i?
20
Let v(p) = p**3 + 152*p**2 + 390*p - 762. Let q be v(-149). Calculate the highest common factor of 18 and q.
9
Suppose -25*b = -33*b - 16. Let t be ((-22)/66)/((b/(-54))/(-1)). Calculate the greatest common factor of t and 6.
3
Let b = -45 - -68. Let l = 59 + -44. Let y = b + l. What is the greatest common divisor of 38 and y?
38
Let b be 6*-3*(22/(-99) + -2). Calculate the highest common factor of 430 and b.
10
Let w be (-124)/(-10)*(-1700)/120*-15. What is the highest common factor of 153 and w?
17
Let g = -2453 - -2588. Calculate the greatest common divisor of g and 585.
45
Let i(a) = a**3 - 225*a**2 + 10399*a + 172. Let u be i(160). Let n = 14 - 2. What is the highest common factor of n and u?
12
Let g = -2 - -4. Let i = 274 + -270. Suppose -20*u + a + 138 = -16*u, -i*u - 3*a + 130 = 0. Calculate the highest common factor of g and u.
2
Let t be ((-18)/(-4))/((-705)/(-9870)). Let i = 36 - -54. What is the highest common divisor of t and i?
9
Let j = 83 - 83. Suppose 4*p + 0*p - r - 30 = j, -5*r - 14 = -3*p. Let m be -3 + ((-971)/(-7) - p/(-28)). What is the highest common factor of m and 34?
34
Let n(d) = -5 + 4 + 3*d**2 - 5*d**2 - 17*d. Let o be n(-7). What is the greatest common factor of o and 50?
10
Let g be -46*(48/(-160) - 1/5). What is the highest common divisor of 1633 and g?
23
Suppose -n + 4*r - 2*r = -12, 3*r = -15. Suppose -q = -7 - 113. Suppose -n*y = -y - q. What is the greatest common factor of y and 30?
30
Let x(i) = -i**3 - i**2 - 2*i - 577. Let j be x(0). Let h = 813 + j. Calculate the highest common divisor of 4 and h.
4
Suppose -56 - 109 = -b. Let c(f) = f**2 + 9*f + 16. Let y be c(-6). Let k be (1/y)/(6/(-4))*b. Calculate the highest common factor of 5 and k.
5
Let m = -186 - -330. Let x = -848 - -864. What is the greatest common factor of m and x?
16
Let o be (24/(2 + 2))/1. Let a be 22/(-33) - ((-2)/o)/(-1). Let i be 2*a*(-3)/9*3. Calculate the highest common divisor of 34 and i.
2
Let x(h) = 10*h**2 + 11 + 60*h + 51*h + h**3 - 113*h. Let n be x(-9). Let b be (-30)/(-5)*5*(-2)/(-6). What is the highest common factor of n and b?
10
Suppose -16*s = -18 - 110. Suppose -414 = s*f - 766. What is the greatest common factor of 66 and f?
22
Let q(z) = 23*z - 109 + 8 - z**2 + 26. Let s be q(18). Suppose 0 = -j + 8 - 2. What is the highest common divisor of s and j?
3
Suppose -3*p = -5*f - 41, -2*p - p - 3*f + 33 = 0. Let v = -396 + 112. Let k = 296 + v. What is the greatest common divisor of k and p?
12
Let c be -3 + -5 + 3 - -9. Suppose w - 69 + c = -2*v, -2*w - 2*v + 120 = 0. Calculate the greatest common divisor of 1265 and w.
55
Let t = 521 - 540. Let c be 0 - t/((-95)/(-400)). Suppose 8 + 72 = 4*u. Calculate the highest common divisor of c and u.
20
Let c = 24585 - 24481. Calculate the greatest common factor of 403 and c.
13
Let w = 646 - -644. What is the highest common factor of w and 18?
6
Let z = -9221 + 9589. Calculate the highest common factor of 80 and z.
16
Suppose -h = -2*d - 117 - 132, -5*d = -3*h + 623. Let n = d - -196. What is the greatest common factor of 252 and n?
36
Let k(b) be the second derivative of -b**4/6 - b**3/2 + b**2 + 8*b. Let r be k(-6). Let a be r/(-6) + 16/12. Calculate the greatest common divisor of a and 15.
5
Suppose -916 = -7*k - 153. Let n = k + -73. What is the greatest common divisor of 162 and n?
18
Let g(d) = d + 56. Let p be g(-28). Let q = 40 - p. Calculate the greatest common divisor of q and 18.
6
Suppose 0 = -48*i + 43*i - 2*m + 11120, m = i - 2217. Calculate the greatest common factor of i and 707.
101
Let h be (14/(-3))/((-12)/144). Let i = -118 - -176. Let j = i - h. Calculate the greatest common factor of 2 and j.
2
Let j = 319 + -311. Suppose 10*o = 5*o. Suppose o = -5*i + 30 + 50. Calculate the greatest common divisor of i and j.
8
Suppose 4*l - 85 + 1 = 4*x, 2*l - 24 = -4*x. What is the greatest common divisor of 2466 and l?
18
Let s be (-4)/((-40)/54) - 20/50. Let x be 6/4*2 + -1. Suppose -4*c + 5 + 3 = 0, 64 = s*p + x*c. What is the highest common factor of 96 and p?
12
Suppose -d + 5*r = -16, -88 = d - 3*d - 4*r. Suppose -2*v = 2*v - d. Let y be (294/245)/(4/(-5))*-24. What is the highest common divisor of y and v?
9
Let c(a) = 1771*a - 39. Let b be c(3). Suppose 1569 = -15*x + b. What is the highest common divisor of x and 26?
13
Let x(n) = n**3 - 2*n**2 - 16*n + 42. Let v be x(3). Suppose -a + 5128 = 5*o + v*a, 4*o + 5*a = 4106. What is the highest common divisor of 16 and o?
16
Let g be (-9 + (-245)/(-28))*-4. What is the greatest common divisor of 53 and g?
1
Let r = 31787 - 31637. What is the highest common factor of r and 375?
75
Suppose -60 = -5*w + 3*w. Let z(t) = -4*t**2 - 106*t + 7. Let d be z(-27). Let q = d - -317. What is the greatest common factor of w and q?
30
Suppose 4*s + v - 73 = 0, 3*s - 2*v = 2*v + 69. Suppose -y - 4*r + 119 = 0, 3*r = 41*y - 45*y + 398. Calculate the greatest common factor of s and y.
19
Suppose 23*k - 33693 = 7822. What is the greatest common factor of 76 and k?
19
Let l be (-38)/(-12)*(-4 - -10). Suppose -l*k = -20*k + 8. Let j = k - 5. Calculate the highest common divisor of j and 1.
1
Let y be (-51578)/(-510) + 2/(-15). Let q = -54 + y. Calculate the greatest common divisor of q and 423.
47
Suppose -18*j = -21 - 1896 - 99. What is the highest common factor of j and 2968?
56
Let a(o) = -20*o - 30. Suppose 4*z + 15 = -3*m, -m - 5*z = 2 + 3. Let y be a(m). What is the greatest common divisor of y and 14?
14
Suppose 2*y = -2*m + 1056, 2436 - 852 = 3*y + 4*m. Let r be (-2)/(-11) + 12048/y. What is the greatest common factor of 184 and r?
23
Let o = 51 - 52. Let s be (0 + 4 + 38)/o. Let w be (-14)/(-12)*s/(-4)*4. What is the greatest common divisor of w and 7?
7
Let g(i) = -4155*i - 2978. Let h be g(-2). What is the highest common divisor of 860 and h?
172
Let u be (-34)/(-3) - 3/9. Let r(y) = 2*y + 14. Let w be r(u). Let a = 46 - 19. Calculate the greatest common factor of w and a.
9
Suppose 31*x = -4*j + 21*x + 234, -3*j + 4*x = -72. Calculate the highest common divisor of j and 932.
4
Suppose 40515 = -140*o + 147*o - 42645. Calculate the highest common divisor of 8 and o.
8
Suppose -69*c - 10123 + 17858 = -16898. Calculate the greatest common divisor of c and 136.
17
Suppose -317 + 97 = 22*z. Let j(q) = 41*q + 440. Let v be j(z). Let y be (16 - 1)/(2 - 1). Calculate the greatest common divisor of v and y.
15
Let z = -269 + 394. Suppose -129*h = -z*h - 2304. Calculate the greatest common divisor of 18 and h.
18
Let t(m) = -m**2 + 19*m - 21. Let n be t(10). Let a = 31 + n. What is the highest common divisor of a and 250?
50
Suppose -85*l = -82*l + 3*n - 378, 2*l = 3*n + 247. Calculate the highest common divisor of l and 8000.
125
Let w(k) = k**3 - k**2 - k + 4. Let q be w(0). Suppose 24 = q*i + 8. Suppose 112 = i*c - 32. Calculate the highest common factor of c and 90.
18
Suppose -7*t = 145 - 40. Let n be 8*(t/(-10) - -2). Suppose -m + 3*m = n. What is the greatest common factor of m and 98?
14
Suppose -81 = -2*q + 123. Calculate the greatest common factor of q and 306.
102
Let p = -1838 + 1988. What is the highest common divisor of 125 and p?
25
Suppose 75269 + 68455 = 7*y. What is the greatest common divisor of 174 and y?
174
Let z = -14514 + 14517. What is the highest common divisor of z and 129?
3
Let y be (0/(-1) + -255)*(-242)/363. Calculate the highest common divisor of y and 670.
10
Suppose 